{"id":20,"date":"2013-06-02T08:04:29","date_gmt":"2013-06-02T06:04:29","guid":{"rendered":"http:\/\/localhost\/berta2\/?page_id=20"},"modified":"2023-06-25T17:10:45","modified_gmt":"2023-06-25T15:10:45","slug":"latte-e-yogurt","status":"publish","type":"page","link":"https:\/\/www.cascinalaprimavera.it\/?page_id=20","title":{"rendered":"Latte e yogurt"},"content":{"rendered":"\n<div class=\"wp-block-query is-layout-flow\"><ul class=\"is-flex-container columns-4 wp-block-post-template is-layout-flow\"><li class=\"wp-block-post post-404 post type-post status-publish format-standard has-post-thumbnail hentry category-evidenza category-latte\">\n<h2 class=\"wp-block-post-title\"><a href=\"https:\/\/www.cascinalaprimavera.it\/?p=404\" target=\"_self\" >Yogurt bianco<\/a><\/h2>\n\n<figure class=\"alignwide wp-block-post-featured-image\"><a href=\"https:\/\/www.cascinalaprimavera.it\/?p=404\" target=\"_self\"  ><img width=\"300\" height=\"224\" src=\"https:\/\/www.cascinalaprimavera.it\/wp-content\/uploads\/2013\/06\/yogurt-bianco.jpg\" class=\"attachment-post-thumbnail size-post-thumbnail wp-post-image\" alt=\"Yogurt bianco\" decoding=\"async\" loading=\"lazy\" srcset=\"https:\/\/www.cascinalaprimavera.it\/wp-content\/uploads\/2013\/06\/yogurt-bianco.jpg 2288w, https:\/\/www.cascinalaprimavera.it\/wp-content\/uploads\/2013\/06\/yogurt-bianco-300x224.jpg 300w, https:\/\/www.cascinalaprimavera.it\/wp-content\/uploads\/2013\/06\/yogurt-bianco-1024x766.jpg 1024w\" sizes=\"(max-width: 300px) 100vw, 300px\" \/><\/a><\/figure>\n\n<div class=\"wp-block-post-excerpt\"><p class=\"wp-block-post-excerpt__excerpt\">Delicato yogurt naturale bianco intero: tutto il buono del latte che diventa yogurt, genuino al 100% senza nessuna aggiunta!!! Formato disponibile: 500 ml, a richiesta 1000 ml e 250 ml. Prezzo base di vendita: a partire da \u20ac 1,60. <\/p><\/div>\n<\/li><li class=\"wp-block-post post-165 post type-post status-publish format-standard has-post-thumbnail hentry category-latte\">\n<h2 class=\"wp-block-post-title\"><a href=\"https:\/\/www.cascinalaprimavera.it\/?p=165\" target=\"_self\" >Yogurt alla frutta<\/a><\/h2>\n\n<figure class=\"alignwide wp-block-post-featured-image\"><a href=\"https:\/\/www.cascinalaprimavera.it\/?p=165\" target=\"_self\"  ><img width=\"300\" height=\"224\" src=\"https:\/\/www.cascinalaprimavera.it\/wp-content\/uploads\/2013\/06\/yogurt-frutta.jpg\" class=\"attachment-post-thumbnail size-post-thumbnail wp-post-image\" alt=\"Yogurt alla frutta\" decoding=\"async\" loading=\"lazy\" srcset=\"https:\/\/www.cascinalaprimavera.it\/wp-content\/uploads\/2013\/06\/yogurt-frutta.jpg 2288w, https:\/\/www.cascinalaprimavera.it\/wp-content\/uploads\/2013\/06\/yogurt-frutta-300x224.jpg 300w, https:\/\/www.cascinalaprimavera.it\/wp-content\/uploads\/2013\/06\/yogurt-frutta-1024x766.jpg 1024w\" sizes=\"(max-width: 300px) 100vw, 300px\" \/><\/a><\/figure>\n\n<div class=\"wp-block-post-excerpt\"><p class=\"wp-block-post-excerpt__excerpt\">Goloso yogurt naturale intero alla frutta, per una pausa leggera e nutriente. Gusti disponibili: fragola, pesca\/arancio, frutti di bosco, cereali, castagna, arancia\/zenzero (soggetti a variazioni stagionali). Formati disponibili : 250 ml, 500 ml. Prezzo base di vendita: a partire da \u20ac 1,50 <\/p><\/div>\n<\/li><li class=\"wp-block-post post-155 post type-post status-publish format-standard has-post-thumbnail hentry category-latte\">\n<h2 class=\"wp-block-post-title\"><a href=\"https:\/\/www.cascinalaprimavera.it\/?p=155\" target=\"_self\" >Latte crudo alla spina<\/a><\/h2>\n\n<figure class=\"alignwide wp-block-post-featured-image\"><a href=\"https:\/\/www.cascinalaprimavera.it\/?p=155\" target=\"_self\"  ><img width=\"300\" height=\"224\" src=\"https:\/\/www.cascinalaprimavera.it\/wp-content\/uploads\/2013\/06\/latte-crudo.jpg\" class=\"attachment-post-thumbnail size-post-thumbnail wp-post-image\" alt=\"Latte crudo alla spina\" decoding=\"async\" loading=\"lazy\" srcset=\"https:\/\/www.cascinalaprimavera.it\/wp-content\/uploads\/2013\/06\/latte-crudo.jpg 2288w, https:\/\/www.cascinalaprimavera.it\/wp-content\/uploads\/2013\/06\/latte-crudo-300x224.jpg 300w, https:\/\/www.cascinalaprimavera.it\/wp-content\/uploads\/2013\/06\/latte-crudo-1024x766.jpg 1024w\" sizes=\"(max-width: 300px) 100vw, 300px\" \/><\/a><\/figure>\n\n<div class=\"wp-block-post-excerpt\"><p class=\"wp-block-post-excerpt__excerpt\">DISTRIBUTORE CHIUSO DOPO 12 ANNI DI ONORATO SERVIZIO Il latte crudo alla spina \u00e8 un prodotto inalterato, come la natura l\u2019ha fatto!, senza aggiunte o sottrazioni che non ha subito alcun trattamento termico. \u00c8 un prodotto vivo e nutriente perch\u00e9 mantiene inalterate tutte le sue meravigliose propriet\u00e0. Attenzione per\u00f2 a consumarlo previo corretto trasporto e&hellip; <\/p><\/div>\n<\/li><li class=\"wp-block-post post-160 post type-post status-publish format-standard has-post-thumbnail hentry category-evidenza category-latte\">\n<h2 class=\"wp-block-post-title\"><a href=\"https:\/\/www.cascinalaprimavera.it\/?p=160\" target=\"_self\" >Latte pastorizzato<\/a><\/h2>\n\n<figure class=\"alignwide wp-block-post-featured-image\"><a href=\"https:\/\/www.cascinalaprimavera.it\/?p=160\" target=\"_self\"  ><img width=\"300\" height=\"224\" src=\"https:\/\/www.cascinalaprimavera.it\/wp-content\/uploads\/2013\/06\/latte-pastorizzato.jpg\" class=\"attachment-post-thumbnail size-post-thumbnail wp-post-image\" alt=\"Latte pastorizzato\" decoding=\"async\" loading=\"lazy\" srcset=\"https:\/\/www.cascinalaprimavera.it\/wp-content\/uploads\/2013\/06\/latte-pastorizzato.jpg 2288w, https:\/\/www.cascinalaprimavera.it\/wp-content\/uploads\/2013\/06\/latte-pastorizzato-300x224.jpg 300w, https:\/\/www.cascinalaprimavera.it\/wp-content\/uploads\/2013\/06\/latte-pastorizzato-1024x766.jpg 1024w\" sizes=\"(max-width: 300px) 100vw, 300px\" \/><\/a><\/figure>\n\n<div class=\"wp-block-post-excerpt\"><p class=\"wp-block-post-excerpt__excerpt\">&#8230;e sai cosa bevi! 100% latte prodotto in Cascina Primavera dalle nostre \u201cmucche\u201d. Disponibile nel formato da 1 litro e 1\/2 litro. \u00c8 il nostro latte portato a 72\u00b0C x 15\u201d per aumentare le garanzie offerte al consumatore. E\u2019 un prodotto sano, sicuro, ideale per tutta la famiglia. Prezzo base di vendita: \u20ac 0,90 \u2013&hellip; <\/p><\/div>\n<\/li><\/ul><\/div>\n","protected":false},"excerpt":{"rendered":"","protected":false},"author":1,"featured_media":584,"parent":6,"menu_order":0,"comment_status":"closed","ping_status":"closed","template":"","meta":[],"_links":{"self":[{"href":"https:\/\/www.cascinalaprimavera.it\/index.php?rest_route=\/wp\/v2\/pages\/20"}],"collection":[{"href":"https:\/\/www.cascinalaprimavera.it\/index.php?rest_route=\/wp\/v2\/pages"}],"about":[{"href":"https:\/\/www.cascinalaprimavera.it\/index.php?rest_route=\/wp\/v2\/types\/page"}],"author":[{"embeddable":true,"href":"https:\/\/www.cascinalaprimavera.it\/index.php?rest_route=\/wp\/v2\/users\/1"}],"replies":[{"embeddable":true,"href":"https:\/\/www.cascinalaprimavera.it\/index.php?rest_route=%2Fwp%2Fv2%2Fcomments&post=20"}],"version-history":[{"count":7,"href":"https:\/\/www.cascinalaprimavera.it\/index.php?rest_route=\/wp\/v2\/pages\/20\/revisions"}],"predecessor-version":[{"id":887,"href":"https:\/\/www.cascinalaprimavera.it\/index.php?rest_route=\/wp\/v2\/pages\/20\/revisions\/887"}],"up":[{"embeddable":true,"href":"https:\/\/www.cascinalaprimavera.it\/index.php?rest_route=\/wp\/v2\/pages\/6"}],"wp:featuredmedia":[{"embeddable":true,"href":"https:\/\/www.cascinalaprimavera.it\/index.php?rest_route=\/wp\/v2\/media\/584"}],"wp:attachment":[{"href":"https:\/\/www.cascinalaprimavera.it\/index.php?rest_route=%2Fwp%2Fv2%2Fmedia&parent=20"}],"curies":[{"name":"wp","href":"https:\/\/api.w.org\/{rel}","templated":true}]}}